1*r**2 - 6*r + 9. What is the remainder when 113 is divided by w(3)?
5
Suppose 26 = -0*q + 2*q. Suppose -q*a = -a - 336. What is the remainder when 75 is divided by a?
19
Suppose -2*d - 5*g = 22 - 156, -d + 67 = -5*g. Calculate the remainder when (d - 12/4) + -5 is divided by 12.
11
Let u = -473 + 485. Calculate the remainder when 283 is divided by u.
7
Suppose -2*r - 27*t = -24*t - 97, -r - 3*t + 50 = 0. What is the remainder when 421 is divided by r?
45
Suppose -51 = 6*x - 117. Let p be (0*(-2)/4)/2. Suppose 5*l - 3*l - 4*j - 42 = p, 3*l - 63 = 4*j. Calculate the remainder when l is divided by x.
10
Let h = -1067 - -1422. Calculate the remainder when h is divided by 89.
88
Let n = 276 + -274. Calculate the remainder when 11 is divided by n.
1
Suppose 303 = 29*d - 45. Calculate the remainder when 1041 is divided by d.
9
Suppose 0 = -2*o - 10, 3*b + 2*o - 779 = -0*b. What is the remainder when b is divided by 66?
65
Calculate the remainder when (-28)/(-98) + (-5792)/(-14) is divided by 83.
82
Let t(c) = c**2 - 2*c - 3. What is the remainder when 8/(-14) - (-333)/7 is divided by t(-3)?
11
Suppose 36 = 6*c + 12. Suppose 0*b - c*b = 16, -54 = -3*z + 3*b. Calculate the remainder when 38 is divided by z.
10
Let i = -586 - -944. Calculate the remainder when i is divided by 12.
10
Let n(t) = t**2 + 9*t - 9. Let p be n(-9). Let i = p + 143. What is the remainder when i is divided by 27?
26
Suppose 3*x - 3*r + 0*r = 51, 4*r + 81 = 5*x. Let b be (0 + -3 + 3)/(-1). Suppose b*y + 245 = 5*y. Calculate the remainder when y is divided by x.
10
Suppose 8*k - 749 = 83. Calculate the remainder when 412 is divided by k.
100
Suppose t = 3*d + 3, -80 = -t + 5*d - 77. Calculate the remainder when 176 is divided by t.
2
Let i = -255 - -305. What is the remainder when 192 + (18/2)/3 is divided by i?
45
Let g = -21 + 15. What is the remainder when (-556)/g - 58/87 is divided by 31?
30
Suppose 4*p - 389 = 5*d, -21*d + 22*d - 306 = -3*p. Suppose -4*a = -4*f + a + 124, 2*f = a + 56. Calculate the remainder when p is divided by f.
23
Let g be (-3)/(-12) - (-942)/8. Suppose 0 = -3*c + g + 77. Let o = c + -41. What is the remainder when o is divided by 9?
6
Let t = 137 - -42. What is the remainder when t is divided by (-700)/(-20) + (-2)/(-1) + -1?
35
Let s = -1762 + 1787. What is the remainder when 45 is divided by s?
20
What is the remainder when 128 is divided by 1683/132*16/6?
26
Suppose -664*m + 650*m + 2646 = 0. Calculate the remainder when m is divided by 52.
33
Suppose 6 = -3*b - 3, -5*b + 65 = 5*n. What is the remainder when -52*2*4/(n/(-3)) is divided by 16?
14
Suppose w + g + 57 = 5*w, -2*w - 5*g + 1 = 0. Suppose 14*u - w*u - 117 = 0. What is the remainder when u is divided by 17?
15
Suppose 1237*w - 612 = 1228*w. What is the remainder when 86 is divided by w?
18
Let l(j) = 6*j - 18. Let o be l(8). Let u be 86/6 - (-20)/o. Suppose -5*y - u = -125. What is the remainder when y is divided by 6?
4
Let h = 34 - -25. What is the remainder when h is divided by (2 + 1)/(2/10)?
14
Let z(h) = h**3 + 8*h**2 + 5*h + 12. Let o be z(-9). Let y = o - -231. Calculate the remainder when y is divided by 40.
37
Let g = 158 + -149. Calculate the remainder when 17*1 - (-2 + 3) is divided by g.
7
What is the remainder when (-8094)/(-19) + 3 + 2 is divided by 27?
26
Let c = 771 + -733. What is the remainder when 73 is divided by c?
35
Suppose -6*t + t - 3*a - 33 = 0, t + 4*a = 7. Let y be ((-30)/(-9))/((-6)/t). Suppose 0 = -y*j + 30 + 30. What is the remainder when 46 is divided by j?
10
Let n = -346 - -560. Calculate the remainder when n is divided by 36.
34
Let b be -3 - (-3)/(6/(-40)). Let l = b + 35. Let z(t) = -t**2 + 5*t + 1. What is the remainder when l is divided by z(3)?
5
Suppose 2*w = -5*o - 61, 0 = -4*o + w - 50 + 9. Let f = -3 - o. What is the remainder when 38 is divided by f?
6
Let c(r) = 27*r**2 - 1. Let k be c(-1). Suppose -k - 157 = -3*i. Calculate the remainder when i is divided by 16.
13
Suppose 607 = 4*f + 3*q, -5*f + q = -2*q - 779. Calculate the remainder when f is divided by 12.
10
Let y be -61*((-4)/6 + 6/(-18)). Suppose 3*m = 76 - y. Calculate the remainder when 8 is divided by m.
3
Let q be (612/(-24))/((-6)/8). Suppose 42 = 3*k + 3*a, -k = 2*k - a - q. What is the remainder when -14*(k/(-8) - 4) is divided by 39?
38
Let m(a) be the third derivative of a**6/120 - 13*a**5/60 + 7*a**4/12 - 3*a**3 - 3*a**2. Calculate the remainder when 17 is divided by m(12).
5
Suppose -3*x = 4*o - 244, 2*x - 4*o = -2*o + 172. What is the remainder when 251 is divided by x?
83
Let f = -212 - -225. What is the remainder when 115 is divided by f?
11
Suppose 0 = 43*z - 56*z + 104. What is the remainder when 23 is divided by z?
7
Let a(q) = q - 5. Let p be a(10). Suppose 11 = 2*s - p*l - 19, -86 = -4*s - 3*l. Calculate the remainder when 79 is divided by s.
19
Let g = -961 - -1031. What is the remainder when g is divided by 30?
10
Let v(y) be the first derivative of y**3 + 5*y**2 - 5*y + 14. What is the remainder when v(-5) is divided by 8?
4
Let g(m) = -m**3 + 4*m**2 + 3*m + 2. Let w be (-60)/(-20)*(2/3 - 0). Let t(y) = 10*y - 5. What is the remainder when g(-3) is divided by t(w)?
11
Let r be 3*8/(-84)*(1 - 15). Suppose 4*v + r*x = 24, -x - 24 = -2*v + 3*x. Calculate the remainder when 29 is divided by v.
5
Suppose -128250 = -35*x - 60*x. Calculate the remainder when x is divided by 33.
30
Let v(w) = w**3 + 3*w - 2. Let k be v(0). Calculate the remainder when 47 is divided by 21 + 3 + 6/k.
5
Let r(h) = -h - 17*h**3 - 1 - 33*h**3 - 40*h**3. Let f be r(-1). Suppose 6*d - 3*d = -3*x + f, -x + 18 = 5*d. What is the remainder when x is divided by 9?
6
What is the remainder when 17 is divided by (-2)/20 + (-41)/(-10)?
1
What is the remainder when 5/(180/(-8)) - (-3597)/27 is divided by 43?
4
Let j = -225 + 247. What is the remainder when 84 is divided by j?
18
Let n be (-56)/((-5)/((-20)/(-8))). Let m = 121 - n. Calculate the remainder when m is divided by 32.
29
Suppose 330 = 42*f - 300. What is the remainder when 1602 is divided by f?
12
Let u = 167 + -147. Calculate the remainder when u is divided by 9 + (-2)/(2/(-2)).
9
Let w = -66 + 97. Calculate the remainder when (-4398)/(-24) + (-210)/(-120) is divided by w.
30
Suppose -28 = -4*o + 2*o. What is the remainder when 136*((-99)/18 + 6) is divided by o?
12
Suppose -48*q + 55*q = 189. Suppose 0 = -4*d + z + q, 4*z - 3*z + 3 = d. Calculate the remainder when 13 is divided by d.
5
Suppose 4*q + 0*b - 283 = 5*b, 3*b + 285 = 4*q. What is the remainder when q is divided by 42?
30
What is the remainder when (-24)/56 - (-2319)/21 is divided by 23?
18
Let r(z) = 2*z**2 + 7*z. Let y be r(-5). Let g = y + -15. Suppose -3*o + 145 - 52 = g. What is the remainder when o is divided by 11?
9
Let o = 52 + -31. Suppose 0 = 3*m + j - 53, j = 6*m - 2*m - 59. Calculate the remainder when o is divided by m.
5
Suppose -3*r + 0*r = 0. Let d(h) = -h + 15. Let q be d(r). Suppose 2*f + 4*n = 22, 2*f + n - q = f. What is the remainder when 75 is divided by f?
18
Let i(w) = -9*w**3 - 23*w**2 - 9*w + 2. Let v(p) = 4*p**3 + 11*p**2 + 5*p - 1. Let d(j) = -3*i(j) - 7*v(j). What is the remainder when d(-7) is divided by 4?
0
Let a = -799 + 860. Calculate the remainder when 365 is divided by a.
60
Suppose -4*w = 3*v - 28, 3 + 5 = -v + 3*w. What is the remainder when ((-572)/130)/(v/(-10)) is divided by 3?
2
Let f = 16 - 18. Calculate the remainder when 55 is divided by (-3 - (-46)/(-4))*f.
26
Let j(z) = z - 2 + 43 + 13 + 30. What is the remainder when j(0) is divided by 22?
18
Let k = 53 - 16. Let f = k + -14. Calculate the remainder when 40 is divided by f.
17
Let r(z) = 4*z + z + 8 + 2*z + 2 + z**2. What is the remainder when 4/10 - (-188)/5 is divided by r(-7)?
8
Let w = -5 + -28. Let s = w + 45. Suppose 2*o + 285 - 103 = 3*z, -o = 3*z - 170. What is the remainder when z is divided by s?
10
Let w(z) = z**3 + 16*z**2 - 56*z + 22. Suppose 0 = -h - 4*o + 13, -2*h + 4*o - 7 = 3*h. Suppose 9 = s - h. What is the remainder when s is divided by w(-19)?
1
Suppose 4*c - 306 = 2*c. Let n = c + -83. Calculate the remainder when n is divided by 24.
22
Suppose -2*g = -8 - 2. Suppose u = 4*y - u - 78, 5*u = -g*y + 60. What is the remainder when (-438)/(-9) + (-4)/6 is divi